{"id":2195,"date":"2017-12-05T20:06:58","date_gmt":"2017-12-05T19:06:58","guid":{"rendered":"http:\/\/hansenhorses.it-haase-ahaus.de\/?page_id=2195"},"modified":"2021-06-16T19:26:31","modified_gmt":"2021-06-16T18:26:31","slug":"one-shiney-treat","status":"publish","type":"page","link":"https:\/\/hansenhorses.it-haase-ahaus.de\/?page_id=2195","title":{"rendered":"One Shiney Treat"},"content":{"rendered":"<p>ONE SHINEY TREAT<br \/>*2007 bay QH-Hengst<\/p>\n<p>Sohn der lebenden Legende und 10.2 Million Dollar Sire SHINING SPARK x HAGANDAZ, eine Money earning&amp; producing GRAYS STARLIGHT-Tochter!<br \/>5 Panel N\/N und zus\u00e4tzlich MYH1: N\/N , OLWS: N\/N getestet durch Laboklin!<\/p>\n<p><a href=\"https:\/\/hansenhorses.it-haase-ahaus.de\/wp-content\/uploads\/2018\/04\/OneShineyTreat_head_2018.jpg\"><img loading=\"lazy\" decoding=\"async\" class=\"alignnone size-medium wp-image-2237\" src=\"https:\/\/hansenhorses.it-haase-ahaus.de\/wp-content\/uploads\/2018\/04\/OneShineyTreat_head_2018-240x300.jpg\" alt=\"\" width=\"240\" height=\"300\" srcset=\"https:\/\/hansenhorses.it-haase-ahaus.de\/wp-content\/uploads\/2018\/04\/OneShineyTreat_head_2018-240x300.jpg 240w, https:\/\/hansenhorses.it-haase-ahaus.de\/wp-content\/uploads\/2018\/04\/OneShineyTreat_head_2018.jpg 768w\" sizes=\"auto, (max-width: 240px) 100vw, 240px\" \/><\/a><\/p>\n<p>Ein Pedigree, welches jeden Z\u00fcchter die Augen gl\u00e4nzen l\u00e4sst! \ud83d\ude42<br \/>&#8222;Shiner&#8220; hat eine tolle Optik, vereint mit au\u00dfergew\u00f6hnlicher Athletik und absoluter Korrektheit in In&amp; Exterieur!<br \/>Sein liebes Gem\u00fct, die wundersch\u00f6ne Halsung, starke Hinterhand, sowie eine harmonische Oberlinie gibt er an seine Fohlen weiter. Der erste Jahrgang ist nun unter dem Sattel und zeigt sich sehr vielversprechend.<br \/>Er ist sowohl als Erg\u00e4nzung f\u00fcr die Reining Pedigree\u00b4s interessant, als auch f\u00fcr Cowhorse\/ Cuttinglinien eine Bereicherung.<br \/>F\u00fcr die Decksaison 2021 bieten wir wieder qualitativ hochwertigen Frisch- sowie gek\u00fchlten Samen im EU-weiten Versand an.<\/p>\n<p>One Shiney Treat ist bei der APHA gelistet, wir heissen Paint Horse Stuten herzlich willkommen- Colour up your life &amp; let it shine!<br \/>DQHA SSA &amp; NRHA Germany einbezahlt!<\/p>\n<p><a href=\"https:\/\/hansenhorses.it-haase-ahaus.de\/wp-content\/uploads\/2018\/12\/ONESHINEYTREAT_fbfront.jpg\"><img loading=\"lazy\" decoding=\"async\" class=\"alignnone size-medium wp-image-2371\" src=\"https:\/\/hansenhorses.it-haase-ahaus.de\/wp-content\/uploads\/2018\/12\/ONESHINEYTREAT_fbfront-210x300.jpg\" alt=\"\" width=\"210\" height=\"300\" srcset=\"https:\/\/hansenhorses.it-haase-ahaus.de\/wp-content\/uploads\/2018\/12\/ONESHINEYTREAT_fbfront-210x300.jpg 210w, https:\/\/hansenhorses.it-haase-ahaus.de\/wp-content\/uploads\/2018\/12\/ONESHINEYTREAT_fbfront.jpg 672w\" sizes=\"auto, (max-width: 210px) 100vw, 210px\" \/><\/a><\/p>\n<p>Lebendfohlengarantie &amp; Tr\u00e4chtigkeitsgarantie!<br \/>Decktaxe: 1.000.- Euro<\/p>\n<p>Early Bird: 850.- Euro bis 31.1.2021 +++ACHTUNG: IN DER SAISON 2021 haben wir die Decktaxe dauerhaft auf 850.- Euro reduziert! +++<\/p>\n<p>Wir bieten eine Tr\u00e4chtigkeitsgarantie an, d.h. Sie bezahlen eine Buchungsgeb\u00fchr von 200.- Euro, und bei Tr\u00e4chtigkeit der Stute wird die Buchungsgeb\u00fchr angerechnet und erst dann wird der Rest der Decktaxe f\u00e4llig. Durchaus interessant f\u00fcr Problemstuten, \u00e4ltere Stuten, oder last-minute-breeding, ohne gro\u00dfes weiteres finanzielles Risiko.<\/p>\n<p>Fragen Sie nach Sonderkonditionen, zb producing\/proven mares, sowie multiple mare discounts!<br \/>LET IT SHINE<br \/>#hansenquarterhorses #oneshineytreat<\/p>\n<p><a href=\"https:\/\/hansenhorses.it-haase-ahaus.de\/wp-content\/uploads\/2018\/12\/ONESHINEYTREAT_fbback.jpg\"><img loading=\"lazy\" decoding=\"async\" class=\"alignnone size-medium wp-image-2372\" src=\"https:\/\/hansenhorses.it-haase-ahaus.de\/wp-content\/uploads\/2018\/12\/ONESHINEYTREAT_fbback-211x300.jpg\" alt=\"\" width=\"211\" height=\"300\" srcset=\"https:\/\/hansenhorses.it-haase-ahaus.de\/wp-content\/uploads\/2018\/12\/ONESHINEYTREAT_fbback-211x300.jpg 211w, https:\/\/hansenhorses.it-haase-ahaus.de\/wp-content\/uploads\/2018\/12\/ONESHINEYTREAT_fbback.jpg 676w\" sizes=\"auto, (max-width: 211px) 100vw, 211px\" \/><\/a><\/p>\n<p><a href=\"https:\/\/hansenhorses.it-haase-ahaus.de\/wp-content\/uploads\/2018\/04\/OneShineyTreat_jog.jpg\"><img loading=\"lazy\" decoding=\"async\" class=\"alignnone size-medium wp-image-2242\" src=\"https:\/\/hansenhorses.it-haase-ahaus.de\/wp-content\/uploads\/2018\/04\/OneShineyTreat_jog-300x199.jpg\" alt=\"\" width=\"300\" height=\"199\" srcset=\"https:\/\/hansenhorses.it-haase-ahaus.de\/wp-content\/uploads\/2018\/04\/OneShineyTreat_jog-300x199.jpg 300w, https:\/\/hansenhorses.it-haase-ahaus.de\/wp-content\/uploads\/2018\/04\/OneShineyTreat_jog-768x510.jpg 768w, https:\/\/hansenhorses.it-haase-ahaus.de\/wp-content\/uploads\/2018\/04\/OneShineyTreat_jog.jpg 960w\" sizes=\"auto, (max-width: 300px) 100vw, 300px\" \/><\/a><\/p>\n<p>\u00a0<\/p>\n\n\n<figure class=\"wp-block-image size-large\"><a href=\"https:\/\/hansenhorses.it-haase-ahaus.de\/wp-content\/uploads\/2021\/06\/shiney-final-anzeige-copy2-scaled.jpg\"><img loading=\"lazy\" decoding=\"async\" width=\"730\" height=\"1024\" src=\"https:\/\/hansenhorses.it-haase-ahaus.de\/wp-content\/uploads\/2021\/06\/shiney-final-anzeige-copy2-730x1024.jpg\" alt=\"\" class=\"wp-image-2633\" srcset=\"https:\/\/hansenhorses.it-haase-ahaus.de\/wp-content\/uploads\/2021\/06\/shiney-final-anzeige-copy2-730x1024.jpg 730w, https:\/\/hansenhorses.it-haase-ahaus.de\/wp-content\/uploads\/2021\/06\/shiney-final-anzeige-copy2-214x300.jpg 214w, https:\/\/hansenhorses.it-haase-ahaus.de\/wp-content\/uploads\/2021\/06\/shiney-final-anzeige-copy2-768x1077.jpg 768w, https:\/\/hansenhorses.it-haase-ahaus.de\/wp-content\/uploads\/2021\/06\/shiney-final-anzeige-copy2-1095x1536.jpg 1095w, https:\/\/hansenhorses.it-haase-ahaus.de\/wp-content\/uploads\/2021\/06\/shiney-final-anzeige-copy2-1460x2048.jpg 1460w, https:\/\/hansenhorses.it-haase-ahaus.de\/wp-content\/uploads\/2021\/06\/shiney-final-anzeige-copy2-scaled.jpg 1825w\" sizes=\"auto, (max-width: 730px) 100vw, 730px\" \/><\/a><\/figure>\n","protected":false},"excerpt":{"rendered":"<p>ONE SHINEY TREAT*2007 bay QH-Hengst Sohn der lebenden Legende und 10.2 Million Dollar Sire SHINING SPARK x HAGANDAZ, eine Money earning&amp; producing GRAYS STARLIGHT-Tochter!5 Panel N\/N und zus\u00e4tzlich MYH1: N\/N , OLWS: N\/N getestet durch Laboklin! Ein Pedigree, welches jeden &hellip; <a href=\"https:\/\/hansenhorses.it-haase-ahaus.de\/?page_id=2195\">Weiterlesen <span class=\"meta-nav\">&rarr;<\/span><\/a><\/p>\n","protected":false},"author":2,"featured_media":0,"parent":59,"menu_order":0,"comment_status":"closed","ping_status":"closed","template":"","meta":{"footnotes":""},"class_list":["post-2195","page","type-page","status-publish","hentry"],"_links":{"self":[{"href":"https:\/\/hansenhorses.it-haase-ahaus.de\/index.php?rest_route=\/wp\/v2\/pages\/2195","targetHints":{"allow":["GET"]}}],"collection":[{"href":"https:\/\/hansenhorses.it-haase-ahaus.de\/index.php?rest_route=\/wp\/v2\/pages"}],"about":[{"href":"https:\/\/hansenhorses.it-haase-ahaus.de\/index.php?rest_route=\/wp\/v2\/types\/page"}],"author":[{"embeddable":true,"href":"https:\/\/hansenhorses.it-haase-ahaus.de\/index.php?rest_route=\/wp\/v2\/users\/2"}],"replies":[{"embeddable":true,"href":"https:\/\/hansenhorses.it-haase-ahaus.de\/index.php?rest_route=%2Fwp%2Fv2%2Fcomments&post=2195"}],"version-history":[{"count":21,"href":"https:\/\/hansenhorses.it-haase-ahaus.de\/index.php?rest_route=\/wp\/v2\/pages\/2195\/revisions"}],"predecessor-version":[{"id":2634,"href":"https:\/\/hansenhorses.it-haase-ahaus.de\/index.php?rest_route=\/wp\/v2\/pages\/2195\/revisions\/2634"}],"up":[{"embeddable":true,"href":"https:\/\/hansenhorses.it-haase-ahaus.de\/index.php?rest_route=\/wp\/v2\/pages\/59"}],"wp:attachment":[{"href":"https:\/\/hansenhorses.it-haase-ahaus.de\/index.php?rest_route=%2Fwp%2Fv2%2Fmedia&parent=2195"}],"curies":[{"name":"wp","href":"https:\/\/api.w.org\/{rel}","templated":true}]}}